{"id":2,"date":"2016-05-10T03:48:21","date_gmt":"2016-05-10T03:48:21","guid":{"rendered":"http:\/\/fewo-hh-schanze.de\/?page_id=2"},"modified":"2025-09-29T23:34:29","modified_gmt":"2025-09-29T21:34:29","slug":"home","status":"publish","type":"page","link":"https:\/\/fewo-hh-schanze.de\/","title":{"rendered":"Zu Hause"},"content":{"rendered":"<p><strong>HERZLICH WILLKOMMEN IM GR\u00dcNEN ZENTRUM VON HAMBURG<\/strong><\/p>\n<ul>\n<li>* 104 qm\u00a0 4,5 Zimmer Loftwohnung mit moderner K\u00fcche (Erdgeschoss 74 qm und Untergeschoss 30 qm)<\/li>\n<li>* direkter Zugang zur 12 qm gro\u00dfen Holzterrasse und gro\u00dfem privaten 200qm Garten &#8211; direkt am Lindenpark<\/li>\n<li>* 2 getrennte B\u00e4der mit 2 WC, 2 Regenduschen, Sauna, Whirlpoolwanne<\/li>\n<li>* echter Feuer Kamin<\/li>\n<li>* UHD-Beamer mit gro\u00dfer Leinwand, Netflix, Smart-TV (WAIPU)<\/li>\n<li>* 1000 Mbit\/s schnellstes WLAN<\/li>\n<li>* Schlafzimmer 1 = 2 Personen Kingsize Boxerspringbett (180*220) Erdgeschoss mit Gartenblick<\/li>\n<li>* Reserve: Schlafsofa (140*200) im Loftraum f\u00fcr 1 Person<\/li>\n<\/ul>\n<p>Durch eine innenliegende Treppe kommst du ins 30qm Untergeschoss:<\/p>\n<ul>\n<li>* Schlafzimmer 3 = 2 Personen Kingsize Boxerspringbett (180*220) Untergeschoss (mit Lichtschacht und zwei Fenstern)<\/li>\n<li>* Kleines Schlafzimmer 4\u00a0 (8qm) = 1-2 Personen Schlafsofa mit Springfedermatratze\/ Topper (180*200)\u00a0 mit Terassent\u00fcr<\/li>\n<li>* Vollbad mit WC, Whirpool-Wanne, Runddusche sowie Sauna<\/li>\n<li>* Natursteinfliesen mit Fu\u00dfbodenheizung<\/li>\n<\/ul>\n<p>Die Wohnung ist ideal f\u00fcr 6 Personen, wie gemeinsame Paare mit Kindern oder Gro\u00dfeltern, Eltern und Kindern.<\/p>\n<p><strong>ACHTUNG<\/strong>: Parties und laute Veranstaltungen sind hier wegen der Wohnnachbarschaft nicht erw\u00fcnscht.<br \/>\nAb 22 Uhr ist die Nachtruhe in der Wohnung sowie im Garten einzuhalten.<\/p>\n<p><strong>LAGE<\/strong>: Eimsb\u00fcttel\/ Schanzenviertel hat alles, was das Herz, Kopf und Bauch begehren:<br \/>\nEinkaufsm\u00f6glichkeiten, Bars, Restaurants sowie Spielpl\u00e4tze im Umkreis von 100 m vorhanden.<\/p>\n<p>Kostenfreier Stellplatz in einem abschlie\u00dfbaren Hof in derselben Stra\u00dfe f\u00fcr 1 Auto.<\/p>\n<p>Letzte Kernsanierungen im Jahr 2019 &amp; Renovierung\/ Modernisierung 2024.<\/p>\n","protected":false},"excerpt":{"rendered":"<p>HERZLICH WILLKOMMEN IM GR\u00dcNEN ZENTRUM VON HAMBURG * 104 qm\u00a0 4,5 Zimmer Loftwohnung mit moderner K\u00fcche (Erdgeschoss 74 qm und Untergeschoss 30 qm) * direkter Zugang zur 12 qm gro\u00dfen Holzterrasse und gro\u00dfem privaten 200qm Garten &#8211; direkt am Lindenpark<\/p>\n","protected":false},"author":1,"featured_media":0,"parent":0,"menu_order":0,"comment_status":"closed","ping_status":"open","template":"","meta":{"footnotes":""},"class_list":["post-2","page","type-page","status-publish","hentry"],"_links":{"self":[{"href":"https:\/\/fewo-hh-schanze.de\/index.php?rest_route=\/wp\/v2\/pages\/2","targetHints":{"allow":["GET"]}}],"collection":[{"href":"https:\/\/fewo-hh-schanze.de\/index.php?rest_route=\/wp\/v2\/pages"}],"about":[{"href":"https:\/\/fewo-hh-schanze.de\/index.php?rest_route=\/wp\/v2\/types\/page"}],"author":[{"embeddable":true,"href":"https:\/\/fewo-hh-schanze.de\/index.php?rest_route=\/wp\/v2\/users\/1"}],"replies":[{"embeddable":true,"href":"https:\/\/fewo-hh-schanze.de\/index.php?rest_route=%2Fwp%2Fv2%2Fcomments&post=2"}],"version-history":[{"count":26,"href":"https:\/\/fewo-hh-schanze.de\/index.php?rest_route=\/wp\/v2\/pages\/2\/revisions"}],"predecessor-version":[{"id":1033,"href":"https:\/\/fewo-hh-schanze.de\/index.php?rest_route=\/wp\/v2\/pages\/2\/revisions\/1033"}],"wp:attachment":[{"href":"https:\/\/fewo-hh-schanze.de\/index.php?rest_route=%2Fwp%2Fv2%2Fmedia&parent=2"}],"curies":[{"name":"wp","href":"https:\/\/api.w.org\/{rel}","templated":true}]}}